{"id":1313,"date":"2023-06-04T15:43:26","date_gmt":"2023-06-04T15:43:26","guid":{"rendered":"http:\/\/casalyz.com\/?page_id=1313"},"modified":"2023-06-09T17:31:04","modified_gmt":"2023-06-09T17:31:04","slug":"produtos","status":"publish","type":"page","link":"https:\/\/casalyz.com\/?page_id=1313","title":{"rendered":"Produtos"},"content":{"rendered":"<div id=\"pl-1313\"  class=\"panel-layout\" ><div id=\"pg-1313-0\"  class=\"panel-grid panel-has-style\" ><div style=\"padding: 35px 0; \" data-overlay=\"true\" data-overlay-color=\"#000000\" class=\"panel-row-style panel-row-style-for-1313-0\" ><div id=\"pgc-1313-0-0\"  class=\"panel-grid-cell\" ><div id=\"panel-1313-0-0-0\" class=\"so-panel widget widget_sow-editor panel-first-child panel-last-child\" data-index=\"0\" ><div style=\"text-align: left;\" data-title-color=\"#443f3f\" data-headings-color=\"#443f3f\" class=\"panel-widget-style panel-widget-style-for-1313-0-0-0\" ><div\n\t\t\t\n\t\t\tclass=\"so-widget-sow-editor so-widget-sow-editor-base\"\n\t\t\t\n\t\t>\n<div class=\"siteorigin-widget-tinymce textwidget\">\n\t<h2 style=\"text-align: center;\">M\u00f3veis e decora\u00e7\u00f5es<\/h2>\n<h6 style=\"text-align: center;\">\u00c0 pronta-entrega (Consulte condi\u00e7\u00f5es)<\/h6>\n<\/div>\n<\/div><\/div><\/div><\/div><\/div><\/div><div id=\"pg-1313-1\"  class=\"panel-grid panel-has-style\" ><div style=\"padding: 100px 0; \" data-overlay=\"true\" data-overlay-color=\"#000000\" class=\"panel-row-style panel-row-style-for-1313-1\" ><div id=\"pgc-1313-1-0\"  class=\"panel-grid-cell\" ><div id=\"panel-1313-1-0-0\" class=\"so-panel widget widget_cl-ib widget-cl-ib panel-first-child panel-last-child\" data-index=\"1\" ><div style=\"text-align: left;\" data-title-color=\"#443f3f\" data-headings-color=\"#443f3f\" class=\"panel-widget-style panel-widget-style-for-1313-1-0-0\" ><a href=\"http:\/\/casalyz.com\/estofados\/\" title=\"Estofados\" class=\"cl-ib animation_hebe ratio_3x2 align_center with_title with_desc cl_custom_css_1\" style=\"width:100%;background-color:#444444;color:#ffffff;\"><div class=\"cl-ib-h easing_ease\"><div class=\"cl-ib-image\" style=\"background-image: url(https:\/\/casalyz.com\/wp-content\/uploads\/2023\/06\/estofado-nimbus-stl-2.jpg)\"><img loading=\"lazy\" decoding=\"async\" src=\"https:\/\/casalyz.com\/wp-content\/uploads\/2023\/06\/estofado-nimbus-stl-2.jpg\" width=\"1024\" height=\"683\"  alt=\"Estofados\" \/><\/div><div class=\"cl-ib-content\" style=\"padding:10%;\"><div class=\"cl-ib-content-h\"><h4 class=\"cl-ib-title\" style=\"font-size:30px;\">Estofados<\/h4><div class=\"cl-ib-desc\">Em couro ou tecido<br>\n+ <br>\nVER MAIS<\/div><\/div><\/div><\/div><\/a><style type=\"text\/css\">@media only screen and (max-width: 599px) {.cl_custom_css_1 .cl-ib-title { font-size:24px !important; }}<\/style><\/div><\/div><\/div><div id=\"pgc-1313-1-1\"  class=\"panel-grid-cell\" ><div id=\"panel-1313-1-1-0\" class=\"so-panel widget widget_cl-ib widget-cl-ib panel-first-child panel-last-child\" data-index=\"2\" ><div style=\"text-align: left;\" data-title-color=\"#443f3f\" data-headings-color=\"#443f3f\" class=\"panel-widget-style panel-widget-style-for-1313-1-1-0\" ><a href=\"http:\/\/casalyz.com\/poltronas\/\" title=\"Poltronas\" class=\"cl-ib animation_hebe ratio_3x2 align_center with_title with_desc cl_custom_css_2\" style=\"width:100%;background-color:#444444;color:#ffffff;\"><div class=\"cl-ib-h easing_ease\"><div class=\"cl-ib-image\" style=\"background-image: url(https:\/\/casalyz.com\/wp-content\/uploads\/2023\/06\/poltrona-jolie-stl-4-1024x1024.jpg)\"><img loading=\"lazy\" decoding=\"async\" src=\"https:\/\/casalyz.com\/wp-content\/uploads\/2023\/06\/poltrona-jolie-stl-4-1024x1024.jpg\" width=\"1024\" height=\"1024\"  alt=\"Poltronas\" \/><\/div><div class=\"cl-ib-content\" style=\"padding:10%;\"><div class=\"cl-ib-content-h\"><h4 class=\"cl-ib-title\" style=\"font-size:30px;\">Poltronas<\/h4><div class=\"cl-ib-desc\">Em couro ou tecido<br>\n+ <br>\nVER MAIS<\/div><\/div><\/div><\/div><\/a><style type=\"text\/css\">@media only screen and (max-width: 599px) {.cl_custom_css_2 .cl-ib-title { font-size:24px !important; }}<\/style><\/div><\/div><\/div><div id=\"pgc-1313-1-2\"  class=\"panel-grid-cell\" ><div id=\"panel-1313-1-2-0\" class=\"so-panel widget widget_cl-ib widget-cl-ib panel-first-child panel-last-child\" data-index=\"3\" ><div style=\"text-align: left;\" data-title-color=\"#443f3f\" data-headings-color=\"#443f3f\" class=\"panel-widget-style panel-widget-style-for-1313-1-2-0\" ><a href=\"http:\/\/casalyz.com\/mesas\/\" title=\"Mesas\" class=\"cl-ib animation_hebe ratio_3x2 align_center with_title with_desc cl_custom_css_3\" style=\"width:100%;background-color:#444444;color:#ffffff;\"><div class=\"cl-ib-h easing_ease\"><div class=\"cl-ib-image\" style=\"background-image: url(https:\/\/casalyz.com\/wp-content\/uploads\/2023\/06\/mesa-de-jantar-tarsila-stl-2.jpg)\"><img loading=\"lazy\" decoding=\"async\" src=\"https:\/\/casalyz.com\/wp-content\/uploads\/2023\/06\/mesa-de-jantar-tarsila-stl-2.jpg\" width=\"1024\" height=\"683\"  alt=\"Mesas\" \/><\/div><div class=\"cl-ib-content\" style=\"padding:10%;\"><div class=\"cl-ib-content-h\"><h4 class=\"cl-ib-title\" style=\"font-size:30px;\">Mesas<\/h4><div class=\"cl-ib-desc\">Mesas de jantar, de centro, lateral e bistro<br>\n+ <br>\nVER MAIS<\/div><\/div><\/div><\/div><\/a><style type=\"text\/css\">@media only screen and (max-width: 599px) {.cl_custom_css_3 .cl-ib-title { font-size:24px !important; }}<\/style><\/div><\/div><\/div><\/div><\/div><div id=\"pg-1313-2\"  class=\"panel-grid panel-has-style\" ><div style=\"padding: 0px 0; \" data-overlay=\"true\" data-overlay-color=\"#000000\" class=\"panel-row-style panel-row-style-for-1313-2\" ><div id=\"pgc-1313-2-0\"  class=\"panel-grid-cell\" ><div id=\"panel-1313-2-0-0\" class=\"so-panel widget widget_cl-ib widget-cl-ib panel-first-child panel-last-child\" data-index=\"4\" ><div style=\"text-align: left;\" data-title-color=\"#443f3f\" data-headings-color=\"#443f3f\" class=\"panel-widget-style panel-widget-style-for-1313-2-0-0\" ><a href=\"http:\/\/casalyz.com\/cadeiras\/\" title=\"Cadeiras\" class=\"cl-ib animation_hebe ratio_3x2 align_center with_title with_desc cl_custom_css_4\" style=\"width:100%;background-color:#444444;color:#ffffff;\"><div class=\"cl-ib-h easing_ease\"><div class=\"cl-ib-image\" style=\"background-image: url(https:\/\/casalyz.com\/wp-content\/uploads\/2023\/06\/cadeira-300x200.jpg)\"><img loading=\"lazy\" decoding=\"async\" src=\"https:\/\/casalyz.com\/wp-content\/uploads\/2023\/06\/cadeira-300x200.jpg\" width=\"300\" height=\"200\"  alt=\"Cadeiras\" \/><\/div><div class=\"cl-ib-content\" style=\"padding:10%;\"><div class=\"cl-ib-content-h\"><h4 class=\"cl-ib-title\" style=\"font-size:30px;\">Cadeiras<\/h4><div class=\"cl-ib-desc\">Cadeiras, banquetas e bancos<br>\n+ <br>\nVER MAIS<\/div><\/div><\/div><\/div><\/a><style type=\"text\/css\">@media only screen and (max-width: 599px) {.cl_custom_css_4 .cl-ib-title { font-size:24px !important; }}<\/style><\/div><\/div><\/div><div id=\"pgc-1313-2-1\"  class=\"panel-grid-cell\" ><div id=\"panel-1313-2-1-0\" class=\"so-panel widget widget_cl-ib widget-cl-ib panel-first-child panel-last-child\" data-index=\"5\" ><div style=\"text-align: left;\" data-title-color=\"#443f3f\" data-headings-color=\"#443f3f\" class=\"panel-widget-style panel-widget-style-for-1313-2-1-0\" ><a href=\"http:\/\/casalyz.com\/puff\/\" title=\"Puff\" class=\"cl-ib animation_hebe ratio_3x2 align_center with_title with_desc cl_custom_css_5\" style=\"width:100%;background-color:#444444;color:#ffffff;\"><div class=\"cl-ib-h easing_ease\"><div class=\"cl-ib-image\" style=\"background-image: url(https:\/\/casalyz.com\/wp-content\/uploads\/2023\/06\/puff-moka-stl-1-300x200.jpg)\"><img loading=\"lazy\" decoding=\"async\" src=\"https:\/\/casalyz.com\/wp-content\/uploads\/2023\/06\/puff-moka-stl-1-300x200.jpg\" width=\"300\" height=\"200\"  alt=\"Puff\" \/><\/div><div class=\"cl-ib-content\" style=\"padding:10%;\"><div class=\"cl-ib-content-h\"><h4 class=\"cl-ib-title\" style=\"font-size:30px;\">Puff<\/h4><div class=\"cl-ib-desc\">+ <br>\nVER MAIS<\/div><\/div><\/div><\/div><\/a><style type=\"text\/css\">@media only screen and (max-width: 599px) {.cl_custom_css_5 .cl-ib-title { font-size:24px !important; }}<\/style><\/div><\/div><\/div><div id=\"pgc-1313-2-2\"  class=\"panel-grid-cell\" ><div id=\"panel-1313-2-2-0\" class=\"so-panel widget widget_cl-ib widget-cl-ib panel-first-child panel-last-child\" data-index=\"6\" ><div style=\"text-align: left;\" data-title-color=\"#443f3f\" data-headings-color=\"#443f3f\" class=\"panel-widget-style panel-widget-style-for-1313-2-2-0\" ><a href=\"http:\/\/casalyz.com\/armarios\/\" title=\"Arm\u00e1rios\" class=\"cl-ib animation_hebe ratio_3x2 align_center with_title with_desc cl_custom_css_6\" style=\"width:100%;background-color:#444444;color:#ffffff;\"><div class=\"cl-ib-h easing_ease\"><div class=\"cl-ib-image\" style=\"background-image: url(https:\/\/casalyz.com\/wp-content\/uploads\/2023\/06\/armario-vedra-lx-stl.jpg)\"><img loading=\"lazy\" decoding=\"async\" src=\"https:\/\/casalyz.com\/wp-content\/uploads\/2023\/06\/armario-vedra-lx-stl.jpg\" width=\"1024\" height=\"683\"  alt=\"Arm\u00e1rios\" \/><\/div><div class=\"cl-ib-content\" style=\"padding:10%;\"><div class=\"cl-ib-content-h\"><h4 class=\"cl-ib-title\" style=\"font-size:30px;\">Arm\u00e1rios<\/h4><div class=\"cl-ib-desc\">Am\u00e1rio, bar e buffet<br>\n+ <br>\nVER MAIS<\/div><\/div><\/div><\/div><\/a><style type=\"text\/css\">@media only screen and (max-width: 599px) {.cl_custom_css_6 .cl-ib-title { font-size:24px !important; }}<\/style><\/div><\/div><\/div><\/div><\/div><div id=\"pg-1313-3\"  class=\"panel-grid panel-has-style\" ><div style=\"padding: 100px 0; \" data-overlay=\"true\" data-overlay-color=\"#000000\" class=\"panel-row-style panel-row-style-for-1313-3\" ><div id=\"pgc-1313-3-0\"  class=\"panel-grid-cell\" ><div id=\"panel-1313-3-0-0\" class=\"so-panel widget widget_cl-ib widget-cl-ib panel-first-child panel-last-child\" data-index=\"7\" ><div style=\"text-align: left;\" data-title-color=\"#443f3f\" data-headings-color=\"#443f3f\" class=\"panel-widget-style panel-widget-style-for-1313-3-0-0\" ><a href=\"http:\/\/casalyz.com\/estantes\/\" title=\"Estantes\" class=\"cl-ib animation_hebe ratio_3x2 align_center with_title with_desc cl_custom_css_7\" style=\"width:100%;background-color:#444444;color:#ffffff;\"><div class=\"cl-ib-h easing_ease\"><div class=\"cl-ib-image\" style=\"background-image: url(https:\/\/casalyz.com\/wp-content\/uploads\/2023\/06\/estante-donostia-stl-2.jpg)\"><img loading=\"lazy\" decoding=\"async\" src=\"https:\/\/casalyz.com\/wp-content\/uploads\/2023\/06\/estante-donostia-stl-2.jpg\" width=\"1024\" height=\"683\"  alt=\"Estantes\" \/><\/div><div class=\"cl-ib-content\" style=\"padding:10%;\"><div class=\"cl-ib-content-h\"><h4 class=\"cl-ib-title\" style=\"font-size:30px;\">Estantes<\/h4><div class=\"cl-ib-desc\">+ <br>\nVER MAIS<\/div><\/div><\/div><\/div><\/a><style type=\"text\/css\">@media only screen and (max-width: 599px) {.cl_custom_css_7 .cl-ib-title { font-size:24px !important; }}<\/style><\/div><\/div><\/div><div id=\"pgc-1313-3-1\"  class=\"panel-grid-cell\" ><div id=\"panel-1313-3-1-0\" class=\"so-panel widget widget_cl-ib widget-cl-ib panel-first-child panel-last-child\" data-index=\"8\" ><div style=\"text-align: left;\" data-title-color=\"#443f3f\" data-headings-color=\"#443f3f\" class=\"panel-widget-style panel-widget-style-for-1313-3-1-0\" ><a href=\"http:\/\/casalyz.com\/aparador\/\" title=\"Aparador\" class=\"cl-ib animation_hebe ratio_3x2 align_center with_title with_desc cl_custom_css_8\" style=\"width:100%;background-color:#444444;color:#ffffff;\"><div class=\"cl-ib-h easing_ease\"><div class=\"cl-ib-image\" style=\"background-image: url(https:\/\/casalyz.com\/wp-content\/uploads\/2023\/06\/aparador-urbi-stl-.jpg)\"><img loading=\"lazy\" decoding=\"async\" src=\"https:\/\/casalyz.com\/wp-content\/uploads\/2023\/06\/aparador-urbi-stl-.jpg\" width=\"1024\" height=\"683\"  alt=\"Aparador\" \/><\/div><div class=\"cl-ib-content\" style=\"padding:10%;\"><div class=\"cl-ib-content-h\"><h4 class=\"cl-ib-title\" style=\"font-size:30px;\">Aparador<\/h4><div class=\"cl-ib-desc\">Aparadores e cristaleiras<br>\n+ <br>\nVER MAIS<\/div><\/div><\/div><\/div><\/a><style type=\"text\/css\">@media only screen and (max-width: 599px) {.cl_custom_css_8 .cl-ib-title { font-size:24px !important; }}<\/style><\/div><\/div><\/div><div id=\"pgc-1313-3-2\"  class=\"panel-grid-cell\" ><div id=\"panel-1313-3-2-0\" class=\"so-panel widget widget_cl-ib widget-cl-ib panel-first-child panel-last-child\" data-index=\"9\" ><div style=\"text-align: left;\" data-title-color=\"#443f3f\" data-headings-color=\"#443f3f\" class=\"panel-widget-style panel-widget-style-for-1313-3-2-0\" ><a href=\"http:\/\/casalyz.com\/mobiliario\/\" title=\"Mobiliario\" class=\"cl-ib animation_hebe ratio_3x2 align_center with_title with_desc cl_custom_css_9\" style=\"width:100%;background-color:#444444;color:#ffffff;\"><div class=\"cl-ib-h easing_ease\"><div class=\"cl-ib-image\" style=\"background-image: url(https:\/\/casalyz.com\/wp-content\/uploads\/2023\/06\/biombo-macau-stl.jpg)\"><img loading=\"lazy\" decoding=\"async\" src=\"https:\/\/casalyz.com\/wp-content\/uploads\/2023\/06\/biombo-macau-stl.jpg\" width=\"1024\" height=\"683\"  alt=\"Mobili\u00e1rio\" \/><\/div><div class=\"cl-ib-content\" style=\"padding:10%;\"><div class=\"cl-ib-content-h\"><h4 class=\"cl-ib-title\" style=\"font-size:30px;\">Mobili\u00e1rio<\/h4><div class=\"cl-ib-desc\">Biombos e espelhos<br>\n+ <br>\nVER MAIS<\/div><\/div><\/div><\/div><\/a><style type=\"text\/css\">@media only screen and (max-width: 599px) {.cl_custom_css_9 .cl-ib-title { font-size:24px !important; }}<\/style><\/div><\/div><\/div><\/div><\/div><\/div>","protected":false},"excerpt":{"rendered":"<p>M\u00f3veis e decora\u00e7\u00f5es \u00c0 pronta-entrega (Consulte condi\u00e7\u00f5es)<\/p>\n","protected":false},"author":1,"featured_media":0,"parent":0,"menu_order":0,"comment_status":"closed","ping_status":"closed","template":"page-templates\/page_front-page.php","meta":{"footnotes":""},"class_list":["post-1313","page","type-page","status-publish","hentry"],"_links":{"self":[{"href":"https:\/\/casalyz.com\/index.php?rest_route=\/wp\/v2\/pages\/1313","targetHints":{"allow":["GET"]}}],"collection":[{"href":"https:\/\/casalyz.com\/index.php?rest_route=\/wp\/v2\/pages"}],"about":[{"href":"https:\/\/casalyz.com\/index.php?rest_route=\/wp\/v2\/types\/page"}],"author":[{"embeddable":true,"href":"https:\/\/casalyz.com\/index.php?rest_route=\/wp\/v2\/users\/1"}],"replies":[{"embeddable":true,"href":"https:\/\/casalyz.com\/index.php?rest_route=%2Fwp%2Fv2%2Fcomments&post=1313"}],"version-history":[{"count":31,"href":"https:\/\/casalyz.com\/index.php?rest_route=\/wp\/v2\/pages\/1313\/revisions"}],"predecessor-version":[{"id":1505,"href":"https:\/\/casalyz.com\/index.php?rest_route=\/wp\/v2\/pages\/1313\/revisions\/1505"}],"wp:attachment":[{"href":"https:\/\/casalyz.com\/index.php?rest_route=%2Fwp%2Fv2%2Fmedia&parent=1313"}],"curies":[{"name":"wp","href":"https:\/\/api.w.org\/{rel}","templated":true}]}}